{"id":113,"date":"2023-08-08T22:29:46","date_gmt":"2023-08-08T22:29:46","guid":{"rendered":"https:\/\/nuevolegarchivo.lupagencia.net\/?page_id=113"},"modified":"2023-08-24T11:51:45","modified_gmt":"2023-08-24T11:51:45","slug":"material-pop","status":"publish","type":"page","link":"https:\/\/nuevolegarchivo.lupagencia.net\/index.php\/material-pop\/","title":{"rendered":"Material pop"},"content":{"rendered":"\t\t<div data-elementor-type=\"wp-page\" data-elementor-id=\"113\" class=\"elementor elementor-113\" data-elementor-post-type=\"page\">\n\t\t\t\t\t\t\t\t\t<section class=\"elementor-section elementor-top-section elementor-element elementor-element-0eeca87 elementor-section-boxed elementor-section-height-default elementor-section-height-default wpr-particle-no wpr-jarallax-no wpr-parallax-no wpr-sticky-section-no\" data-id=\"0eeca87\" data-element_type=\"section\" data-settings=\"{&quot;background_background&quot;:&quot;classic&quot;,&quot;background_motion_fx_motion_fx_scrolling&quot;:&quot;yes&quot;,&quot;background_motion_fx_translateY_effect&quot;:&quot;yes&quot;,&quot;background_motion_fx_translateY_speed&quot;:{&quot;unit&quot;:&quot;px&quot;,&quot;size&quot;:4,&quot;sizes&quot;:[]},&quot;background_motion_fx_translateY_affectedRange&quot;:{&quot;unit&quot;:&quot;%&quot;,&quot;size&quot;:&quot;&quot;,&quot;sizes&quot;:{&quot;start&quot;:0,&quot;end&quot;:100}},&quot;background_motion_fx_devices&quot;:[&quot;desktop&quot;,&quot;tablet&quot;,&quot;mobile&quot;]}\">\n\t\t\t\t\t\t\t<div class=\"elementor-background-overlay\"><\/div>\n\t\t\t\t\t\t\t<div class=\"elementor-container elementor-column-gap-default\">\n\t\t\t\t\t<div class=\"elementor-column elementor-col-50 elementor-top-column elementor-element elementor-element-2da629a\" data-id=\"2da629a\" data-element_type=\"column\">\n\t\t\t<div class=\"elementor-widget-wrap elementor-element-populated\">\n\t\t\t\t\t\t\t\t<div class=\"elementor-element elementor-element-bd73d73 elementor-icon-list--layout-inline elementor-list-item-link-full_width elementor-widget elementor-widget-icon-list\" data-id=\"bd73d73\" data-element_type=\"widget\" data-widget_type=\"icon-list.default\">\n\t\t\t\t<div class=\"elementor-widget-container\">\n\t\t\t<link rel=\"stylesheet\" href=\"https:\/\/nuevolegarchivo.lupagencia.net\/wp-content\/plugins\/elementor\/assets\/css\/widget-icon-list.min.css\">\t\t<ul class=\"elementor-icon-list-items elementor-inline-items\">\n\t\t\t\t\t\t\t<li class=\"elementor-icon-list-item elementor-inline-item\">\n\t\t\t\t\t\t\t\t\t\t\t<a href=\"https:\/\/nuevolegarchivo.lupagencia.net\">\n\n\t\t\t\t\t\t\t\t\t\t\t<span class=\"elementor-icon-list-text\">Home<\/span>\n\t\t\t\t\t\t\t\t\t\t\t<\/a>\n\t\t\t\t\t\t\t\t\t<\/li>\n\t\t\t\t\t\t\t\t<li class=\"elementor-icon-list-item elementor-inline-item\">\n\t\t\t\t\t\t\t\t\t\t\t<a href=\"https:\/\/nuevolegarchivo.lupagencia.net\/index.php\/productos-impresos\/\">\n\n\t\t\t\t\t\t\t\t\t\t\t\t<span class=\"elementor-icon-list-icon\">\n\t\t\t\t\t\t\t<i aria-hidden=\"true\" class=\"fas fa-caret-right\"><\/i>\t\t\t\t\t\t<\/span>\n\t\t\t\t\t\t\t\t\t\t<span class=\"elementor-icon-list-text\">Productos impresos<\/span>\n\t\t\t\t\t\t\t\t\t\t\t<\/a>\n\t\t\t\t\t\t\t\t\t<\/li>\n\t\t\t\t\t\t\t\t<li class=\"elementor-icon-list-item elementor-inline-item\">\n\t\t\t\t\t\t\t\t\t\t\t<a href=\"https:\/\/nuevolegarchivo.lupagencia.net\/index.php\/almanaques\/\">\n\n\t\t\t\t\t\t\t\t\t\t\t\t<span class=\"elementor-icon-list-icon\">\n\t\t\t\t\t\t\t<i aria-hidden=\"true\" class=\"fas fa-caret-right\"><\/i>\t\t\t\t\t\t<\/span>\n\t\t\t\t\t\t\t\t\t\t<span class=\"elementor-icon-list-text\">Material pop<\/span>\n\t\t\t\t\t\t\t\t\t\t\t<\/a>\n\t\t\t\t\t\t\t\t\t<\/li>\n\t\t\t\t\t\t<\/ul>\n\t\t\t\t<\/div>\n\t\t\t\t<\/div>\n\t\t\t\t<div class=\"elementor-element elementor-element-6b24e3f elementor-headline--style-highlight elementor-widget elementor-widget-animated-headline\" data-id=\"6b24e3f\" data-element_type=\"widget\" data-settings=\"{&quot;headline_style&quot;:&quot;highlight&quot;,&quot;marker&quot;:&quot;circle&quot;,&quot;loop&quot;:&quot;yes&quot;,&quot;highlight_animation_duration&quot;:1200,&quot;highlight_iteration_delay&quot;:8000}\" data-widget_type=\"animated-headline.default\">\n\t\t\t\t<div class=\"elementor-widget-container\">\n\t\t\t<link rel=\"stylesheet\" href=\"https:\/\/nuevolegarchivo.lupagencia.net\/wp-content\/plugins\/elementor-pro\/assets\/css\/widget-animated-headline.min.css\">\t\t<h1 class=\"elementor-headline\">\n\t\t\t\t\t<span class=\"elementor-headline-plain-text elementor-headline-text-wrapper\">Material pop<\/span>\n\t\t\t\t<span class=\"elementor-headline-dynamic-wrapper elementor-headline-text-wrapper\">\n\t\t\t\t<\/span>\n\t\t\t\t<\/h1>\n\t\t\t\t<\/div>\n\t\t\t\t<\/div>\n\t\t\t\t\t<\/div>\n\t\t<\/div>\n\t\t\t\t<div class=\"elementor-column elementor-col-50 elementor-top-column elementor-element elementor-element-7fe26f5 elementor-hidden-tablet elementor-hidden-mobile\" data-id=\"7fe26f5\" data-element_type=\"column\">\n\t\t\t<div class=\"elementor-widget-wrap\">\n\t\t\t\t\t\t\t\t\t<\/div>\n\t\t<\/div>\n\t\t\t\t\t\t\t<\/div>\n\t\t<\/section>\n\t\t\t\t<section class=\"elementor-section elementor-top-section elementor-element elementor-element-dc947e2 elementor-section-boxed elementor-section-height-default elementor-section-height-default wpr-particle-no wpr-jarallax-no wpr-parallax-no wpr-sticky-section-no\" data-id=\"dc947e2\" data-element_type=\"section\">\n\t\t\t\t\t\t<div class=\"elementor-container elementor-column-gap-default\">\n\t\t\t\t\t<div class=\"elementor-column elementor-col-50 elementor-top-column elementor-element elementor-element-35df849\" data-id=\"35df849\" data-element_type=\"column\">\n\t\t\t<div class=\"elementor-widget-wrap elementor-element-populated\">\n\t\t\t\t\t\t\t\t<div class=\"elementor-element elementor-element-5f0d1b6 elementor-widget elementor-widget-image\" data-id=\"5f0d1b6\" data-element_type=\"widget\" data-widget_type=\"image.default\">\n\t\t\t\t<div class=\"elementor-widget-container\">\n\t\t\t<style>\/*! elementor - v3.16.0 - 14-09-2023 *\/\n.elementor-widget-image{text-align:center}.elementor-widget-image a{display:inline-block}.elementor-widget-image a img[src$=\".svg\"]{width:48px}.elementor-widget-image img{vertical-align:middle;display:inline-block}<\/style>\t\t\t\t\t\t\t\t\t\t\t\t<img decoding=\"async\" loading=\"lazy\" width=\"800\" height=\"701\" src=\"https:\/\/nuevolegarchivo.lupagencia.net\/wp-content\/uploads\/2023\/08\/businessTVP.jpg\" class=\"attachment-full size-full wp-image-753\" alt=\"\" srcset=\"https:\/\/nuevolegarchivo.lupagencia.net\/wp-content\/uploads\/2023\/08\/businessTVP.jpg 800w, https:\/\/nuevolegarchivo.lupagencia.net\/wp-content\/uploads\/2023\/08\/businessTVP-300x263.jpg 300w, https:\/\/nuevolegarchivo.lupagencia.net\/wp-content\/uploads\/2023\/08\/businessTVP-768x673.jpg 768w\" sizes=\"(max-width: 800px) 100vw, 800px\" \/>\t\t\t\t\t\t\t\t\t\t\t\t\t\t\t<\/div>\n\t\t\t\t<\/div>\n\t\t\t\t\t<\/div>\n\t\t<\/div>\n\t\t\t\t<div class=\"elementor-column elementor-col-50 elementor-top-column elementor-element elementor-element-9b8a8fe\" data-id=\"9b8a8fe\" data-element_type=\"column\">\n\t\t\t<div class=\"elementor-widget-wrap elementor-element-populated\">\n\t\t\t\t\t\t\t\t<div class=\"elementor-element elementor-element-277e6dc elementor-headline--style-highlight elementor-invisible elementor-widget elementor-widget-animated-headline\" data-id=\"277e6dc\" data-element_type=\"widget\" data-settings=\"{&quot;_animation&quot;:&quot;fadeInUp&quot;,&quot;_animation_delay&quot;:200,&quot;headline_style&quot;:&quot;highlight&quot;,&quot;marker&quot;:&quot;circle&quot;,&quot;loop&quot;:&quot;yes&quot;,&quot;highlight_animation_duration&quot;:1200,&quot;highlight_iteration_delay&quot;:8000}\" data-widget_type=\"animated-headline.default\">\n\t\t\t\t<div class=\"elementor-widget-container\">\n\t\t\t\t\t<h2 class=\"elementor-headline\">\n\t\t\t\t\t<span class=\"elementor-headline-plain-text elementor-headline-text-wrapper\">MATERIAL POP<\/span>\n\t\t\t\t<span class=\"elementor-headline-dynamic-wrapper elementor-headline-text-wrapper\">\n\t\t\t\t<\/span>\n\t\t\t\t<\/h2>\n\t\t\t\t<\/div>\n\t\t\t\t<\/div>\n\t\t\t\t<div class=\"elementor-element elementor-element-b4475a1 elementor-widget elementor-widget-text-editor\" data-id=\"b4475a1\" data-element_type=\"widget\" data-widget_type=\"text-editor.default\">\n\t\t\t\t<div class=\"elementor-widget-container\">\n\t\t\t<style>\/*! elementor - v3.16.0 - 14-09-2023 *\/\n.elementor-widget-text-editor.elementor-drop-cap-view-stacked .elementor-drop-cap{background-color:#69727d;color:#fff}.elementor-widget-text-editor.elementor-drop-cap-view-framed .elementor-drop-cap{color:#69727d;border:3px solid;background-color:transparent}.elementor-widget-text-editor:not(.elementor-drop-cap-view-default) .elementor-drop-cap{margin-top:8px}.elementor-widget-text-editor:not(.elementor-drop-cap-view-default) .elementor-drop-cap-letter{width:1em;height:1em}.elementor-widget-text-editor .elementor-drop-cap{float:left;text-align:center;line-height:1;font-size:50px}.elementor-widget-text-editor .elementor-drop-cap-letter{display:inline-block}<\/style>\t\t\t\t<p>Una herramienta esencial en la estrategia de marketing de muchas empresas, ya que ayuda a influir en las decisiones de compra de los clientes al crear un ambiente atractivo y aportar informaci\u00f3n clave en el momento justo.<\/p><p>\u00a0<\/p><h5>\u00bf Quieres aumentar la visibilidad de los productos, impulsar las ventas y fortalecer la imagen de marca?<\/h5><p>Nosotros te ayudamos, con nuestra variedad de elementos visuales y promocionales te ayudamos a captar la atenci\u00f3n de los clientes.<\/p>\t\t\t\t\t\t<\/div>\n\t\t\t\t<\/div>\n\t\t\t\t\t<\/div>\n\t\t<\/div>\n\t\t\t\t\t\t\t<\/div>\n\t\t<\/section>\n\t\t\t\t<section class=\"elementor-section elementor-top-section elementor-element elementor-element-7d3d273 elementor-section-boxed elementor-section-height-default elementor-section-height-default wpr-particle-no wpr-jarallax-no wpr-parallax-no wpr-sticky-section-no\" data-id=\"7d3d273\" data-element_type=\"section\" data-settings=\"{&quot;background_background&quot;:&quot;classic&quot;}\">\n\t\t\t\t\t\t<div class=\"elementor-container elementor-column-gap-custom\">\n\t\t\t\t\t<div class=\"elementor-column elementor-col-25 elementor-top-column elementor-element elementor-element-dc0831e elementor-invisible\" data-id=\"dc0831e\" data-element_type=\"column\" data-settings=\"{&quot;animation&quot;:&quot;fadeInUp&quot;}\">\n\t\t\t<div class=\"elementor-widget-wrap elementor-element-populated\">\n\t\t\t\t\t\t\t\t<div class=\"elementor-element elementor-element-8786504 elementor-view-default elementor-position-top elementor-mobile-position-top elementor-widget elementor-widget-icon-box\" data-id=\"8786504\" data-element_type=\"widget\" data-widget_type=\"icon-box.default\">\n\t\t\t\t<div class=\"elementor-widget-container\">\n\t\t\t<link rel=\"stylesheet\" href=\"https:\/\/nuevolegarchivo.lupagencia.net\/wp-content\/plugins\/elementor\/assets\/css\/widget-icon-box.min.css\">\t\t<div class=\"elementor-icon-box-wrapper\">\n\t\t\t\t\t\t<div class=\"elementor-icon-box-icon\">\n\t\t\t\t<span  class=\"elementor-icon elementor-animation-\">\n\t\t\t\t<i aria-hidden=\"true\" class=\"far fa-copy\"><\/i>\t\t\t\t<\/span>\n\t\t\t<\/div>\n\t\t\t\t\t\t<div class=\"elementor-icon-box-content\">\n\t\t\t\t<h4 class=\"elementor-icon-box-title\">\n\t\t\t\t\t<span  >\n\t\t\t\t\t\tEtiquetas y Pegatinas\t\t\t\t\t<\/span>\n\t\t\t\t<\/h4>\n\t\t\t\t\t\t\t\t\t<p class=\"elementor-icon-box-description\">\n\t\t\t\t\t\tMarcas adhesivas que resaltan informaci\u00f3n sobre productos.\n.<br><br>\t\t\t\t\t<\/p>\n\t\t\t\t\t\t\t<\/div>\n\t\t<\/div>\n\t\t\t\t<\/div>\n\t\t\t\t<\/div>\n\t\t\t\t\t<\/div>\n\t\t<\/div>\n\t\t\t\t<div class=\"elementor-column elementor-col-25 elementor-top-column elementor-element elementor-element-b17f33d elementor-invisible\" data-id=\"b17f33d\" data-element_type=\"column\" data-settings=\"{&quot;animation&quot;:&quot;fadeInUp&quot;}\">\n\t\t\t<div class=\"elementor-widget-wrap elementor-element-populated\">\n\t\t\t\t\t\t\t\t<div class=\"elementor-element elementor-element-b60b050 elementor-view-default elementor-position-top elementor-mobile-position-top elementor-widget elementor-widget-icon-box\" data-id=\"b60b050\" data-element_type=\"widget\" data-widget_type=\"icon-box.default\">\n\t\t\t\t<div class=\"elementor-widget-container\">\n\t\t\t\t\t<div class=\"elementor-icon-box-wrapper\">\n\t\t\t\t\t\t<div class=\"elementor-icon-box-icon\">\n\t\t\t\t<span  class=\"elementor-icon elementor-animation-\">\n\t\t\t\t<i aria-hidden=\"true\" class=\"fas fa-pen-nib\"><\/i>\t\t\t\t<\/span>\n\t\t\t<\/div>\n\t\t\t\t\t\t<div class=\"elementor-icon-box-content\">\n\t\t\t\t<h4 class=\"elementor-icon-box-title\">\n\t\t\t\t\t<span  >\n\t\t\t\t\t\tMaterial Informativo\t\t\t\t\t<\/span>\n\t\t\t\t<\/h4>\n\t\t\t\t\t\t\t\t\t<p class=\"elementor-icon-box-description\">\n\t\t\t\t\t\tFolletos, tr\u00edpticos y cat\u00e1logos que brindan detalles adicionales sobre productos y servicios.\t\t\t\t\t<\/p>\n\t\t\t\t\t\t\t<\/div>\n\t\t<\/div>\n\t\t\t\t<\/div>\n\t\t\t\t<\/div>\n\t\t\t\t\t<\/div>\n\t\t<\/div>\n\t\t\t\t<div class=\"elementor-column elementor-col-25 elementor-top-column elementor-element elementor-element-acf4075 elementor-invisible\" data-id=\"acf4075\" data-element_type=\"column\" data-settings=\"{&quot;animation&quot;:&quot;fadeInUp&quot;}\">\n\t\t\t<div class=\"elementor-widget-wrap elementor-element-populated\">\n\t\t\t\t\t\t\t\t<div class=\"elementor-element elementor-element-4bed00a elementor-view-default elementor-position-top elementor-mobile-position-top elementor-widget elementor-widget-icon-box\" data-id=\"4bed00a\" data-element_type=\"widget\" data-widget_type=\"icon-box.default\">\n\t\t\t\t<div class=\"elementor-widget-container\">\n\t\t\t\t\t<div class=\"elementor-icon-box-wrapper\">\n\t\t\t\t\t\t<div class=\"elementor-icon-box-icon\">\n\t\t\t\t<span  class=\"elementor-icon elementor-animation-\">\n\t\t\t\t<i aria-hidden=\"true\" class=\"fas fa-pencil-ruler\"><\/i>\t\t\t\t<\/span>\n\t\t\t<\/div>\n\t\t\t\t\t\t<div class=\"elementor-icon-box-content\">\n\t\t\t\t<h4 class=\"elementor-icon-box-title\">\n\t\t\t\t\t<span  >\n\t\t\t\t\t\tRegalos Promocionales\t\t\t\t\t<\/span>\n\t\t\t\t<\/h4>\n\t\t\t\t\t\t\t\t\t<p class=\"elementor-icon-box-description\">\n\t\t\t\t\t\tArt\u00edculos peque\u00f1os que se regalan a los clientes como parte de una promoci\u00f3n.<br>\t\t\t\t\t<\/p>\n\t\t\t\t\t\t\t<\/div>\n\t\t<\/div>\n\t\t\t\t<\/div>\n\t\t\t\t<\/div>\n\t\t\t\t\t<\/div>\n\t\t<\/div>\n\t\t\t\t<div class=\"elementor-column elementor-col-25 elementor-top-column elementor-element elementor-element-6e5a731 elementor-invisible\" data-id=\"6e5a731\" data-element_type=\"column\" data-settings=\"{&quot;animation&quot;:&quot;fadeInUp&quot;}\">\n\t\t\t<div class=\"elementor-widget-wrap elementor-element-populated\">\n\t\t\t\t\t\t\t\t<div class=\"elementor-element elementor-element-d0973be elementor-view-default elementor-position-top elementor-mobile-position-top elementor-widget elementor-widget-icon-box\" data-id=\"d0973be\" data-element_type=\"widget\" data-widget_type=\"icon-box.default\">\n\t\t\t\t<div class=\"elementor-widget-container\">\n\t\t\t\t\t<div class=\"elementor-icon-box-wrapper\">\n\t\t\t\t\t\t<div class=\"elementor-icon-box-icon\">\n\t\t\t\t<span  class=\"elementor-icon elementor-animation-\">\n\t\t\t\t<i aria-hidden=\"true\" class=\"far fa-file-image\"><\/i>\t\t\t\t<\/span>\n\t\t\t<\/div>\n\t\t\t\t\t\t<div class=\"elementor-icon-box-content\">\n\t\t\t\t<h4 class=\"elementor-icon-box-title\">\n\t\t\t\t\t<span  >\n\t\t\t\t\t\tCajas de Presentaci\u00f3n\t\t\t\t\t<\/span>\n\t\t\t\t<\/h4>\n\t\t\t\t\t\t\t\t\t<p class=\"elementor-icon-box-description\">\n\t\t\t\t\t\tDise\u00f1a cajas o envases de productos con un dise\u00f1o atractivo y distintivo que llame la atenci\u00f3n de los clientes.<br>\t\t\t\t\t<\/p>\n\t\t\t\t\t\t\t<\/div>\n\t\t<\/div>\n\t\t\t\t<\/div>\n\t\t\t\t<\/div>\n\t\t\t\t\t<\/div>\n\t\t<\/div>\n\t\t\t\t\t\t\t<\/div>\n\t\t<\/section>\n\t\t\t\t\t\t\t<\/div>\n\t\t","protected":false},"excerpt":{"rendered":"<p>Home Productos impresos Material pop Material pop MATERIAL POP Una herramienta esencial en la estrategia de marketing de muchas empresas, ya que ayuda a influir en las decisiones de compra de los clientes al crear un ambiente atractivo y aportar informaci\u00f3n clave en el momento justo. \u00a0 \u00bf Quieres aumentar la visibilidad de los productos, [&hellip;]<\/p>\n","protected":false},"author":1,"featured_media":0,"parent":0,"menu_order":0,"comment_status":"closed","ping_status":"closed","template":"","meta":{"footnotes":""},"yoast_head":"<!-- This site is optimized with the Yoast SEO plugin v21.1 - https:\/\/yoast.com\/wordpress\/plugins\/seo\/ -->\n<title>Material pop - Legarchivo<\/title>\n<meta name=\"robots\" content=\"index, follow, max-snippet:-1, max-image-preview:large, max-video-preview:-1\" \/>\n<link rel=\"canonical\" href=\"https:\/\/nuevolegarchivo.lupagencia.net\/index.php\/material-pop\/\" \/>\n<meta property=\"og:locale\" content=\"es_ES\" \/>\n<meta property=\"og:type\" content=\"article\" \/>\n<meta property=\"og:title\" content=\"Material pop - Legarchivo\" \/>\n<meta property=\"og:description\" content=\"Home Productos impresos Material pop Material pop MATERIAL POP Una herramienta esencial en la estrategia de marketing de muchas empresas, ya que ayuda a influir en las decisiones de compra de los clientes al crear un ambiente atractivo y aportar informaci\u00f3n clave en el momento justo. \u00a0 \u00bf Quieres aumentar la visibilidad de los productos, [&hellip;]\" \/>\n<meta property=\"og:url\" content=\"https:\/\/nuevolegarchivo.lupagencia.net\/index.php\/material-pop\/\" \/>\n<meta property=\"og:site_name\" content=\"Legarchivo\" \/>\n<meta property=\"article:publisher\" content=\"https:\/\/www.facebook.com\/atencion.legarchivo.1\/\" \/>\n<meta property=\"article:modified_time\" content=\"2023-08-24T11:51:45+00:00\" \/>\n<meta property=\"og:image\" content=\"http:\/\/nuevolegarchivo.lupagencia.net\/wp-content\/uploads\/2023\/08\/businessTVP.jpg\" \/>\n<meta name=\"twitter:card\" content=\"summary_large_image\" \/>\n<meta name=\"twitter:label1\" content=\"Tiempo estimado de lectura\" \/>\n\t<meta name=\"twitter:data1\" content=\"1 minuto\" \/>\n<script type=\"application\/ld+json\" class=\"yoast-schema-graph\">{\"@context\":\"https:\/\/schema.org\",\"@graph\":[{\"@type\":\"WebPage\",\"@id\":\"https:\/\/nuevolegarchivo.lupagencia.net\/index.php\/material-pop\/\",\"url\":\"https:\/\/nuevolegarchivo.lupagencia.net\/index.php\/material-pop\/\",\"name\":\"Material pop - Legarchivo\",\"isPartOf\":{\"@id\":\"https:\/\/nuevolegarchivo.lupagencia.net\/#website\"},\"datePublished\":\"2023-08-08T22:29:46+00:00\",\"dateModified\":\"2023-08-24T11:51:45+00:00\",\"breadcrumb\":{\"@id\":\"https:\/\/nuevolegarchivo.lupagencia.net\/index.php\/material-pop\/#breadcrumb\"},\"inLanguage\":\"es-CO\",\"potentialAction\":[{\"@type\":\"ReadAction\",\"target\":[\"https:\/\/nuevolegarchivo.lupagencia.net\/index.php\/material-pop\/\"]}]},{\"@type\":\"BreadcrumbList\",\"@id\":\"https:\/\/nuevolegarchivo.lupagencia.net\/index.php\/material-pop\/#breadcrumb\",\"itemListElement\":[{\"@type\":\"ListItem\",\"position\":1,\"name\":\"Inicio\",\"item\":\"https:\/\/nuevolegarchivo.lupagencia.net\/\"},{\"@type\":\"ListItem\",\"position\":2,\"name\":\"Material pop\"}]},{\"@type\":\"WebSite\",\"@id\":\"https:\/\/nuevolegarchivo.lupagencia.net\/#website\",\"url\":\"https:\/\/nuevolegarchivo.lupagencia.net\/\",\"name\":\"Legarchivo\",\"description\":\"\",\"publisher\":{\"@id\":\"https:\/\/nuevolegarchivo.lupagencia.net\/#organization\"},\"potentialAction\":[{\"@type\":\"SearchAction\",\"target\":{\"@type\":\"EntryPoint\",\"urlTemplate\":\"https:\/\/nuevolegarchivo.lupagencia.net\/?s={search_term_string}\"},\"query-input\":\"required name=search_term_string\"}],\"inLanguage\":\"es-CO\"},{\"@type\":\"Organization\",\"@id\":\"https:\/\/nuevolegarchivo.lupagencia.net\/#organization\",\"name\":\"Legarchivo\",\"url\":\"https:\/\/nuevolegarchivo.lupagencia.net\/\",\"logo\":{\"@type\":\"ImageObject\",\"inLanguage\":\"es-CO\",\"@id\":\"https:\/\/nuevolegarchivo.lupagencia.net\/#\/schema\/logo\/image\/\",\"url\":\"http:\/\/nuevolegarchivo.lupagencia.net\/wp-content\/uploads\/2023\/08\/LOGO-LEGARCHIVO-06.png\",\"contentUrl\":\"http:\/\/nuevolegarchivo.lupagencia.net\/wp-content\/uploads\/2023\/08\/LOGO-LEGARCHIVO-06.png\",\"width\":1043,\"height\":1043,\"caption\":\"Legarchivo\"},\"image\":{\"@id\":\"https:\/\/nuevolegarchivo.lupagencia.net\/#\/schema\/logo\/image\/\"},\"sameAs\":[\"https:\/\/www.facebook.com\/atencion.legarchivo.1\/\",\"https:\/\/www.linkedin.com\/company\/legarchivo\/\"]}]}<\/script>\n<!-- \/ Yoast SEO plugin. -->","yoast_head_json":{"title":"Material pop - Legarchivo","robots":{"index":"index","follow":"follow","max-snippet":"max-snippet:-1","max-image-preview":"max-image-preview:large","max-video-preview":"max-video-preview:-1"},"canonical":"https:\/\/nuevolegarchivo.lupagencia.net\/index.php\/material-pop\/","og_locale":"es_ES","og_type":"article","og_title":"Material pop - Legarchivo","og_description":"Home Productos impresos Material pop Material pop MATERIAL POP Una herramienta esencial en la estrategia de marketing de muchas empresas, ya que ayuda a influir en las decisiones de compra de los clientes al crear un ambiente atractivo y aportar informaci\u00f3n clave en el momento justo. \u00a0 \u00bf Quieres aumentar la visibilidad de los productos, [&hellip;]","og_url":"https:\/\/nuevolegarchivo.lupagencia.net\/index.php\/material-pop\/","og_site_name":"Legarchivo","article_publisher":"https:\/\/www.facebook.com\/atencion.legarchivo.1\/","article_modified_time":"2023-08-24T11:51:45+00:00","og_image":[{"url":"http:\/\/nuevolegarchivo.lupagencia.net\/wp-content\/uploads\/2023\/08\/businessTVP.jpg"}],"twitter_card":"summary_large_image","twitter_misc":{"Tiempo estimado de lectura":"1 minuto"},"schema":{"@context":"https:\/\/schema.org","@graph":[{"@type":"WebPage","@id":"https:\/\/nuevolegarchivo.lupagencia.net\/index.php\/material-pop\/","url":"https:\/\/nuevolegarchivo.lupagencia.net\/index.php\/material-pop\/","name":"Material pop - Legarchivo","isPartOf":{"@id":"https:\/\/nuevolegarchivo.lupagencia.net\/#website"},"datePublished":"2023-08-08T22:29:46+00:00","dateModified":"2023-08-24T11:51:45+00:00","breadcrumb":{"@id":"https:\/\/nuevolegarchivo.lupagencia.net\/index.php\/material-pop\/#breadcrumb"},"inLanguage":"es-CO","potentialAction":[{"@type":"ReadAction","target":["https:\/\/nuevolegarchivo.lupagencia.net\/index.php\/material-pop\/"]}]},{"@type":"BreadcrumbList","@id":"https:\/\/nuevolegarchivo.lupagencia.net\/index.php\/material-pop\/#breadcrumb","itemListElement":[{"@type":"ListItem","position":1,"name":"Inicio","item":"https:\/\/nuevolegarchivo.lupagencia.net\/"},{"@type":"ListItem","position":2,"name":"Material pop"}]},{"@type":"WebSite","@id":"https:\/\/nuevolegarchivo.lupagencia.net\/#website","url":"https:\/\/nuevolegarchivo.lupagencia.net\/","name":"Legarchivo","description":"","publisher":{"@id":"https:\/\/nuevolegarchivo.lupagencia.net\/#organization"},"potentialAction":[{"@type":"SearchAction","target":{"@type":"EntryPoint","urlTemplate":"https:\/\/nuevolegarchivo.lupagencia.net\/?s={search_term_string}"},"query-input":"required name=search_term_string"}],"inLanguage":"es-CO"},{"@type":"Organization","@id":"https:\/\/nuevolegarchivo.lupagencia.net\/#organization","name":"Legarchivo","url":"https:\/\/nuevolegarchivo.lupagencia.net\/","logo":{"@type":"ImageObject","inLanguage":"es-CO","@id":"https:\/\/nuevolegarchivo.lupagencia.net\/#\/schema\/logo\/image\/","url":"http:\/\/nuevolegarchivo.lupagencia.net\/wp-content\/uploads\/2023\/08\/LOGO-LEGARCHIVO-06.png","contentUrl":"http:\/\/nuevolegarchivo.lupagencia.net\/wp-content\/uploads\/2023\/08\/LOGO-LEGARCHIVO-06.png","width":1043,"height":1043,"caption":"Legarchivo"},"image":{"@id":"https:\/\/nuevolegarchivo.lupagencia.net\/#\/schema\/logo\/image\/"},"sameAs":["https:\/\/www.facebook.com\/atencion.legarchivo.1\/","https:\/\/www.linkedin.com\/company\/legarchivo\/"]}]}},"_links":{"self":[{"href":"https:\/\/nuevolegarchivo.lupagencia.net\/index.php\/wp-json\/wp\/v2\/pages\/113"}],"collection":[{"href":"https:\/\/nuevolegarchivo.lupagencia.net\/index.php\/wp-json\/wp\/v2\/pages"}],"about":[{"href":"https:\/\/nuevolegarchivo.lupagencia.net\/index.php\/wp-json\/wp\/v2\/types\/page"}],"author":[{"embeddable":true,"href":"https:\/\/nuevolegarchivo.lupagencia.net\/index.php\/wp-json\/wp\/v2\/users\/1"}],"replies":[{"embeddable":true,"href":"https:\/\/nuevolegarchivo.lupagencia.net\/index.php\/wp-json\/wp\/v2\/comments?post=113"}],"version-history":[{"count":10,"href":"https:\/\/nuevolegarchivo.lupagencia.net\/index.php\/wp-json\/wp\/v2\/pages\/113\/revisions"}],"predecessor-version":[{"id":756,"href":"https:\/\/nuevolegarchivo.lupagencia.net\/index.php\/wp-json\/wp\/v2\/pages\/113\/revisions\/756"}],"wp:attachment":[{"href":"https:\/\/nuevolegarchivo.lupagencia.net\/index.php\/wp-json\/wp\/v2\/media?parent=113"}],"curies":[{"name":"wp","href":"https:\/\/api.w.org\/{rel}","templated":true}]}}